851?
9
What is the remainder when 33382156 is divided by 31?
23
What is the remainder when 908378 is divided by 23898?
254
What is the remainder when 1922101 is divided by 1815?
16
What is the remainder when 128063 is divided by 18105?
1328
Calculate the remainder when 10608 is divided by 9897.
711
What is the remainder when 2507454 is divided by 517?
4
What is the remainder when 3667852 is divided by 53939?
0
Calculate the remainder when 2222728 is divided by 2162.
192
What is the remainder when 75851 is divided by 792?
611
What is the remainder when 197852 is divided by 3189?
134
Calculate the remainder when 717491 is divided by 239144.
59
Calculate the remainder when 5604199 is divided by 53.
32
Calculate the remainder when 168389 is divided by 10523.
21
Calculate the remainder when 11440 is divided by 1283.
1176
What is the remainder when 175572 is divided by 2097?
1521
What is the remainder when 1232433 is divided by 42?
27
What is the remainder when 1425531 is divided by 50911?
23
Calculate the remainder when 442615 is divided by 73765.
25
What is the remainder when 446259 is divided by 919?
544
Calculate the remainder when 440527571 is divided by 324.
323
What is the remainder when 100412 is divided by 4309?
1305
Calculate the remainder when 117977 is divided by 621.
608
What is the remainder when 23280 is divided by 21799?
1481
Calculate the remainder when 14247671 is divided by 636.
635
What is the remainder when 425427 is divided by 105696?
2643
Calculate the remainder when 80237 is divided by 287.
164
What is the remainder when 75008 is divided by 1040?
128
Calculate the remainder when 11822 is divided by 4262.
3298
What is the remainder when 2613178 is divided by 34?
6
Calculate the remainder when 3724459 is divided by 71.
12
Calculate the remainder when 1630694 is divided by 2140.
14
What is the remainder when 29501208 is divided by 1237?
1232
What is the remainder when 3979475 is divided by 300?
275
Calculate the remainder when 27072 is divided by 27017.
55
What is the remainder when 27989920 is divided by 101?
93
Calculate the remainder when 657521 is divided by 930.
11
Calculate the remainder when 1354030 is divided by 104151.
67
Calculate the remainder when 228973 is divided by 57231.
49
Calculate the remainder when 555380 is divided by 37.
10
Calculate the remainder when 595262 is divided by 214.
128
Calculate the remainder when 28396969 is divided by 195.
94
Calculate the remainder when 13029629 is divided by 1792.
1789
What is the remainder when 6387684 is divided by 1076?
548
Calculate the remainder when 5562504 is divided by 30732.
12
What is the remainder when 61551313 is divided by 20517101?
10
Calculate the remainder when 9509 is divided by 4680.
149
Calculate the remainder when 425032399 is divided by 52.
51
What is the remainder when 452319476 is divided by 6540?
6536
Calculate the remainder when 36450282 is divided by 147.
15
Calculate the remainder when 1144886 is divided by 1682.
1126
What is the remainder when 373022 is divided by 2346?
8
Calculate the remainder when 3129802 is divided by 4102.
4078
What is the remainder when 122326865 is divided by 2392?
2377
What is the remainder when 2939641 is divided by 896?
761
Calculate the remainder when 13889501 is divided by 32.
29
What is the remainder when 13389738 is divided by 495?
483
Calculate the remainder when 7061571 is divided by 3530747.
77
Calculate the remainder when 6173849 is divided by 3849.
53
Calculate the remainder when 808861 is divided by 10615.
2121
Calculate the remainder when 9517376 is divided by 36465.
11
What is the remainder when 670584 is divided by 1530?
444
Calculate the remainder when 4031423 is divided by 281.
197
What is the remainder when 1434702 is divided by 22060?
802
What is the remainder when 1027790 is divided by 2513?
2486
Calculate the remainder when 46338062 is divided by 584.
582
Calculate the remainder when 5390352 is divided by 681.
237
What is the remainder when 2327983 is divided by 49525?
308
What is the remainder when 1799441 is divided by 359870?
91
What is the remainder when 4138348 is divided by 430?
28
What is the remainder when 3768930 is divided by 898?
24
What is the remainder when 2027432 is divided by 411?
380
What is the remainder when 231123 is divided by 1606?
1465
Calculate the remainder when 3856987 is divided by 6132.
6091
What is the remainder when 1136445 is divided by 6848?
6525
What is the remainder when 94625 is divided by 74?
53
What is the remainder when 895580 is divided by 885?
845
Calculate the remainder when 15947 is divided by 619.
472
Calculate the remainder when 1004354 is divided by 125.
104
Calculate the remainder when 15720505 is divided by 1150.
5
Calculate the remainder when 611807 is divided by 78.
53
What is the remainder when 56747006 is divided by 512?
510
What is the remainder when 1584814 is divided by 560?
14
Calculate the remainder when 191341 is divided by 1893.
148
Calculate the remainder when 352467 is divided by 2692.
2507
Calculate the remainder when 2123133 is divided by 36.
33
What is the remainder when 125856 is divided by 597?
486
Calculate the remainder when 109191237 is divided by 17.
16
Calculate the remainder when 54464724 is divided by 331.
329
What is the remainder when 5917130 is divided by 902?
10
Calculate the remainder when 24568419 is divided by 6355.
6344
Calculate the remainder when 34078048 is divided by 15490.
48
Calculate the remainder when 41935 is divided by 437.
420
Calculate the remainder when 14345542 is divided by 49.
8
What is the remainder when 42022822 is divided by 45381?
16
Calculate the remainder when 12469691 is divided by 32.
27
What is the remainder when 4207677 is divided by 901?
7
What is the remainder when 545087 is divided by 109017?
2
What is the remainder when 4093023 is divided by 292358?
11
Calculate the remainder when 368214470 is divided by 27.
26
Calculate the remainder when 4716846 is divided by 164.
42
Calculate the remainder when 94329 is divided by 1754.
1367
What is the remainder when 208484 is divided by 1988?
1732
Calculate the remainder when 20900410 is divided by 1846.
1844
What is the remainder when 107676969 is divided by 12?
9
Calculate the remainder when 16969 is divided by 2127.
2080
What is the remainder when 113270 is divided by 15245?
6555
What is the remainder when 32254859 is divided by 165?
164
What is the remainder when 34368735 is divided by 681?
27
What is the remainder when 304487 is divided by 29400?
10487
Calculate the remainder when 14713 is divided by 2487.
2278
Calculate the remainder when 376901 is divided by 251.
150
What is the remainder when 3051007 is divided by 177?
58
Calculate the remainder when 309220 is divided by 330.
10
Calculate the remainder when 2406124366 is divided by 13409.
13406
What is the remainder when 3735727 is divided by 739?
82
Calculate the remainder when 66957 is divided by 16709.
121
What is the remainder when 898321 is divided by 27220?
61
What is the remainder when 13506 is divided by 563?
557
What is the remainder when 1807389 is divided by 1030?
769
Calculate the remainder when 505837 is divided by 307.
208
Calculate the remainder when 9531732 is divided by 1906315.
157
Calculate the remainder when 308362 is divided by 289.
288
Calculate the remainder when 7568134 is divided by 1227.
1225
What is the remainder when 427737 is divided by 45?
12
Calculate the remainder when 5909344 is divided by 191.
186
Calculate the remainder when 113995 is divided by 22416.
1915
What is the remainder when 527728 is divided by 6575?
1728
What is the remainder when 834768 is divided by 1013?
56
What is the remainder when 6826521 is divided by 5251?
221
Calculate the remainder when 2820200 is divided by 27.
23
What is the remainder when 1258608 is divided by 2961?
183
Calculate the remainder when 127057 is divided by 2952.
121
What is the remainder when 1951242 is divided by 4134?
4128
Calculate the remainder when 129166 is divided by 929.
35
What is the remainder when 10738865 is divided by 2147731?
210
Calculate the remainder when 744280 is divided by 387.
79
Calculate the remainder when 456635 is divided by 151381.
2492
Calculate the remainder when 113226 is divided by 113201.
25